st common divisor of 15 and y.
15
Let a be 540/39 + 4/26. Let r(b) = b**3 - 9*b**2 + 11*b - 3. Let g be r(8). Suppose 3*o = 4*o - g. What is the highest common factor of o and a?
7
Suppose -3*y = 5 - 35. What is the greatest common factor of 25 and y?
5
Let m(b) = b**2 - 7*b - 8. Let y be m(8). Let o be (y - 0) + -4 + 11. What is the highest common factor of 1 and o?
1
Let a be -7 + (-1)/(1/(-23)). Suppose 2*s + 20 = 5*i, -4*s = 4*i - i + 14. What is the greatest common divisor of a and i?
2
Let p be (-9)/((-22)/(-12) + -2). Let n = 154 - p. Let b = -25 + 45. What is the greatest common divisor of n and b?
20
Suppose 4*m + 10 = -2*q, 4*q + 20 = -m + 3*m. Suppose 0 = z + 5*f - 25, -5*z - 4*f + 2*f + 102 = m. Calculate the greatest common divisor of 140 and z.
20
Suppose 4*t = -s + 9, 3*t - 4 - 11 = 2*s. Suppose 2*y - 630 = -t*y. What is the greatest common factor of y and 18?
18
Let k(b) = -b**2 + 7*b + 5. Let m(l) = -7*l**2 + 9*l**2 - l**2 - 1. Let z(s) = -k(s) - 2*m(s). Let v be z(-5). Calculate the highest common factor of v and 7.
7
Suppose 0 = -l + 5 - 0. Calculate the highest common divisor of 20 and l.
5
Let z be 0 + 3/9*3. Let v be -2 + 6 + (-2)/z. Let f be (-4)/((9/(-6))/3). What is the greatest common factor of f and v?
2
Let x be 1*(2 - (0 + -2)). Let l be -1*(3 - x - -1). Suppose l = -4*g + g + 147. Calculate the highest common factor of 7 and g.
7
Suppose -k + 4 + 1 = 0. Suppose -k*l = -2 - 73. Calculate the greatest common divisor of 60 and l.
15
Suppose 4*y + 2*r - 6 = 0, 5 = 2*y + 3*r - 4*r. Let a be (135/12)/(2/32). Suppose 3*v - a = -y*v. What is the greatest common factor of 4 and v?
4
Let n be 32 + 0 - -3 - -1. Let c(t) = -t**3 + 9*t**2 - 5*t - 9. Let j be c(7). What is the greatest common divisor of n and j?
18
Suppose -f = f + d - 12, f + 3*d = 11. Let m(y) = y**3 - 5*y**2 + 6*y. Let g be m(f). Calculate the highest common divisor of g and 75.
15
Suppose -m - 36 = 20. Let a be 5/((-10)/m) - 0. Calculate the greatest common factor of 7 and a.
7
Let b = -30 + 50. Let s be (-192)/b*(-75)/2. Calculate the greatest common divisor of 36 and s.
36
Suppose 3*m = 2*n - 0*n + 18, -5 = -2*m - n. Let g be (-14)/8 - (-2)/(-8). Let o be -1*(-2 + 0) - g. What is the highest common factor of o and m?
4
Suppose 40 = 5*i - 10. What is the greatest common factor of i and 10?
10
Let c(q) = 2*q**2 + 8. Let v be c(-4). Let o = v + -20. What is the greatest common factor of 5 and o?
5
Suppose v - 75 = n, -v - n = 3*v - 285. Calculate the highest common divisor of 48 and v.
24
Suppose 0 = -4*q + 2*n + 364, -q + 91 = -0*n + 3*n. Let o = -17 - -30. What is the greatest common divisor of q and o?
13
Let g be (-4)/26 + (-205)/(-65) + 41. Calculate the highest common divisor of g and 110.
22
Let v be (-1005)/(-18) + 2/12. Let f be 2/(-6) - 22/(-3). Calculate the highest common factor of v and f.
7
Let x = -5 + 17. Let m(c) = 6*c**2 + 2*c - 4. Let l = -5 - -1. Let i be m(l). What is the greatest common factor of x and i?
12
Suppose 5*v + 5*x - 785 = 0, v + 3*v - 4*x - 588 = 0. Let q be (-46)/(-2) - 2 - 2. Calculate the highest common factor of v and q.
19
Suppose w + 88 = 5*w. Let r = 24 + -13. What is the highest common factor of r and w?
11
Suppose 2*i + 2 = -4*w - 0*w, -2*w + 24 = -4*i. Suppose 2*p + 7 = -2*m + 27, w*m = 3*p + 10. Calculate the greatest common divisor of m and 40.
8
Let r be (-4)/(-6) + (-4)/6. Suppose r = f - 7. What is the greatest common divisor of 35 and f?
7
Suppose 18 = r - 62. What is the greatest common divisor of 32 and r?
16
Let j(b) = b**2 - 9*b + 10. Let f be j(9). Calculate the highest common factor of 5 and f.
5
Suppose g - 4*h - 6 = 0, -1 + 0 = -g - h. Suppose 3*k - 4*k = 5*i - 62, 106 = g*k + i. What is the greatest common factor of k and 130?
26
Let u = -12 - -16. Suppose 2*i + u*b - 52 = 0, -2*b = 2*i + 2*i - 92. Suppose 11 = -2*a + 3*a. Calculate the highest common factor of i and a.
11
Suppose 25 = m - 4*p, 3*m = 2*m - 4*p - 15. What is the highest common divisor of m and 2?
1
Let o(v) be the second derivative of -v**5/20 - v**4/3 + 4*v**3/3 + 4*v**2 + v. Let k be o(-6). What is the greatest common divisor of k and 16?
16
Let p be (-8)/(-3 - -1) + -2. Calculate the highest common divisor of 3 and p.
1
Let p(t) = -2*t - 10. Let r be p(5). Let b be -3 - r*(1 - 0). Suppose 49 = 3*v - 2*s, -5*s + 31 = v + 9. What is the greatest common divisor of b and v?
17
Let q(b) = 0 - b + 6*b**2 + 5 - 6. Let s be q(4). Suppose 55 = 4*n + 3*g, 5*n - 4*g - 40 = 21. Calculate the highest common divisor of n and s.
13
Let x(t) = 3*t**2 + t + 19. Let g be x(5). What is the greatest common factor of 33 and g?
33
Let z(q) = 11*q - 41. Let u be z(11). Calculate the greatest common divisor of u and 32.
16
Let z be 3/((1 - 2)*7/(-301)). Calculate the greatest common factor of 43 and z.
43
Let o(t) = -3*t + 1. Let b(h) = -h + 2. Let v = 0 + 3. Let r be b(v). Let n be o(r). Calculate the highest common divisor of n and 16.
4
Let s = 35 - 19. Let j(a) = -4*a - 4. Let z be j(4). Let m be ((-4)/(-10))/((-1)/z). Calculate the greatest common divisor of m and s.
8
Suppose 0 = 5*g - g + 3*k - 34, 0 = g + 2*k - 6. Suppose -r + 30 = r. What is the greatest common factor of g and r?
5
Suppose 5*i + 13 = 3*r - 9, 0 = -5*r + 2*i + 24. Let y = -2 + 7. Suppose y*j - 35 = -f, -29 = -2*f + f - 3*j. Calculate the greatest common divisor of r and f.
4
Suppose -x + 9*x - 320 = 0. Calculate the highest common divisor of x and 360.
40
Let l be (-20)/(-6) + (-6)/18. Suppose 5*q = m + 31, 4*q + l*m - 26 = 2*q. What is the highest common factor of q and 35?
7
Let k(a) = -8*a - 48. Let u be k(-13). Calculate the highest common divisor of 84 and u.
28
Let p = 1 - 6. Let z(v) = v**3 + 5*v**2 - v + 5. Let r be z(p). Let u be ((-7)/2 - -2)/((-6)/16). Calculate the highest common factor of r and u.
2
Let t be 3/(12/139) - 6/8. What is the highest common factor of t and 374?
34
Let l(j) = j**3 - 3*j**2 + 2*j - 8. Let s be l(4). What is the greatest common factor of s and 144?
16
Let x be -2 + 0 + (13 + -1)/1. What is the highest common factor of x and 20?
10
Suppose -5*t = 130 + 100. Let q be (-6)/10 - t/10. Suppose 27 = q*f - 17. What is the highest common factor of 99 and f?
11
Let n = -81 - -94. Calculate the greatest common divisor of n and 91.
13
Let l be -1 + (-3)/(-1) - -3. Let n(k) = -k + 3 + l*k - 2*k - 5*k + 3*k**3 - k**2. Let t be n(3). Calculate the greatest common factor of 6 and t.
6
Let o(p) = -p**2 - p + 1. Let k(z) = -z**3 + 10*z**2 - 14*z - 7. Let g(n) = k(n) - 4*o(n). Let h be g(13). What is the highest common factor of h and 70?
14
Suppose -3*t - 15 = -8*t. Suppose 0 = 4*j + 4*y, -t*y - 10 = 2. Calculate the highest common factor of 12 and j.
4
Suppose -25 = -5*w, -q - 5*w = -6*q + 855. Calculate the greatest common factor of q and 22.
22
Let o be (-2)/(-1*(-5)/(-20)). What is the greatest common factor of 16 and o?
8
Let b(x) = -56*x + 4. Let z be b(5). Let u be (4/8)/((-3)/z). Calculate the greatest common divisor of u and 69.
23
Let z(l) = l**3 + 4*l**2 - 4*l + 7. Let m be z(-5). Suppose 3*n = m*x - 0*x + 272, 362 = 4*n - 2*x. What is the greatest common divisor of 10 and n?
10
Suppose 0 = -5*o + 2*a + 36, 0 = o + 3*o + 5*a - 42. Let f be 7*1 + -16 + 17. Calculate the highest common divisor of f and o.
8
Let t(x) = 2*x + 5. Let j be t(0). What is the greatest common divisor of 5 and j?
5
Let z(x) = -10*x - 14. Let u be z(-2). Calculate the highest common divisor of 18 and u.
6
Let q = 29 + -13. Suppose r + 3*r = 512. Calculate the greatest common factor of r and q.
16
Let v be 44/1 + 2 - 1. Suppose 0 = 10*h - 13*h. Suppose 0 = -4*i + 4*d + 48, 4*d + h*d = -4*i + 72. Calculate the greatest common factor of v and i.
15
Let v = -45 + 155. What is the greatest common divisor of 66 and v?
22
Let d be -6*5/(15/(-2)). Let u be (-920)/(-50) + d/(-10). What is the highest common factor of 27 and u?
9
Let m be 63/6*((-11)/3 - -5). Calculate the highest common divisor of 154 and m.
14
Let h be (-57)/(-12) + (-6)/8. Suppose -u + 82 = g, -h*g - 167 = -6*g - u. Let m(t) = 3*t + 2. Let z be m(5). What is the greatest common factor of z and g?
17
Let l = 10 - 10. Suppose 3*g + 15 = 4*u, -u + l*g - 2*g + 12 = 0. What is the highest common divisor of u and 2?
